{"id":42,"date":"2014-07-05T11:13:09","date_gmt":"2014-07-05T09:13:09","guid":{"rendered":"http:\/\/kinderladen-klosterpark.de\/wordpress\/?page_id=42"},"modified":"2014-07-07T09:42:33","modified_gmt":"2014-07-07T07:42:33","slug":"schwerpunkte-unserer-paedagogischen-arbeit","status":"publish","type":"page","link":"https:\/\/kinderladen-klosterpark.de\/?page_id=42","title":{"rendered":"P\u00e4dagogische Arbeit"},"content":{"rendered":"<h1>Schwerpunkte unserer p\u00e4dagogischen Arbeit<\/h1>\n<ul>\n<li>Kontinuit\u00e4t in kleinen, altersgemischten Bezugsgruppen als Erfahrungs- und Erlebnisraum f\u00fcr die Kinder<\/li>\n<li>Aufbau von engen, tragf\u00e4higen Bindungen zwischen Kindern und Bezugspersonen<\/li>\n<li>Gruppen\u00fcbergreifende Arbeit auch in altershomogenen Kleingruppen<\/li>\n<li>Tagesstruktur, die sich zusammensetzt aus frei zu gestaltender Zeit und angeleiteten Angeboten<\/li>\n<li>Unterst\u00fctzung bei der Entwicklung von Konflikt- und Sozialkompetenz (Soziales Lernen)<\/li>\n<li>Psychomotorische Angebote<\/li>\n<li>Thematische Projektarbeit<\/li>\n<li>Umweltp\u00e4dagogische Angebote<\/li>\n<li>Geschlechtsbezogene P\u00e4dagogik<\/li>\n<\/ul>\n<p>Wesentliche Ziele der p\u00e4dagogischen Arbeit sind, die Entwicklung der Kinder zu selbstbewussten und selbstbestimmten Menschen zu f\u00f6rdern und ihnen daf\u00fcr Raum f\u00fcr die Entfaltung der eigenen F\u00e4higkeiten und Fertigkeiten zu schaffen. Die Kinder werden dabei unterst\u00fctzt, eigene Grenzen zu akzeptieren und die Grenzen anderer zu respektieren.<\/p>\n<p>Im Krippenbereich ist die genannte enge Bindung zwischen Kind und Bezugsperson besonders wichtig. Die Springerin arbeitet regelm\u00e4\u00dfig in der Gruppe mit, um Kontinuit\u00e4t zu gew\u00e4hrleisten. F\u00fcr die Eingew\u00f6hnung gibt es viel Zeit und M\u00f6glichkeiten f\u00fcr individuelle Gestaltung durch Eltern und Bezugspersonen. Die Zusammenarbeit zwischen Eltern und Bezugspersonen hat viel Raum und Wichtigkeit, auf den Elternabenden, in T\u00fcr- und Angelgespr\u00e4chen und in Elterngespr\u00e4chen.<\/p>\n","protected":false},"excerpt":{"rendered":"<p>Schwerpunkte unserer p\u00e4dagogischen Arbeit Kontinuit\u00e4t in kleinen, altersgemischten Bezugsgruppen als Erfahrungs- und Erlebnisraum f\u00fcr die Kinder Aufbau von engen, tragf\u00e4higen Bindungen zwischen Kindern und Bezugspersonen Gruppen\u00fcbergreifende Arbeit auch in altershomogenen Kleingruppen Tagesstruktur, die sich zusammensetzt aus frei zu gestaltender Zeit und angeleiteten Angeboten Unterst\u00fctzung bei der Entwicklung von Konflikt- und Sozialkompetenz (Soziales Lernen) Psychomotorische Angebote &hellip; <a href=\"https:\/\/kinderladen-klosterpark.de\/?page_id=42\" class=\"more-link\"><span class=\"screen-reader-text\">P\u00e4dagogische Arbeit<\/span> weiterlesen <span class=\"meta-nav\">&rarr;<\/span><\/a><\/p>\n","protected":false},"author":1,"featured_media":0,"parent":7,"menu_order":1,"comment_status":"closed","ping_status":"closed","template":"","meta":[],"aioseo_notices":[],"jetpack_sharing_enabled":true,"_links":{"self":[{"href":"https:\/\/kinderladen-klosterpark.de\/index.php?rest_route=\/wp\/v2\/pages\/42"}],"collection":[{"href":"https:\/\/kinderladen-klosterpark.de\/index.php?rest_route=\/wp\/v2\/pages"}],"about":[{"href":"https:\/\/kinderladen-klosterpark.de\/index.php?rest_route=\/wp\/v2\/types\/page"}],"author":[{"embeddable":true,"href":"https:\/\/kinderladen-klosterpark.de\/index.php?rest_route=\/wp\/v2\/users\/1"}],"replies":[{"embeddable":true,"href":"https:\/\/kinderladen-klosterpark.de\/index.php?rest_route=%2Fwp%2Fv2%2Fcomments&post=42"}],"version-history":[{"count":3,"href":"https:\/\/kinderladen-klosterpark.de\/index.php?rest_route=\/wp\/v2\/pages\/42\/revisions"}],"predecessor-version":[{"id":134,"href":"https:\/\/kinderladen-klosterpark.de\/index.php?rest_route=\/wp\/v2\/pages\/42\/revisions\/134"}],"up":[{"embeddable":true,"href":"https:\/\/kinderladen-klosterpark.de\/index.php?rest_route=\/wp\/v2\/pages\/7"}],"wp:attachment":[{"href":"https:\/\/kinderladen-klosterpark.de\/index.php?rest_route=%2Fwp%2Fv2%2Fmedia&parent=42"}],"curies":[{"name":"wp","href":"https:\/\/api.w.org\/{rel}","templated":true}]}}