{"id":54,"date":"2014-07-05T20:30:07","date_gmt":"2014-07-05T18:30:07","guid":{"rendered":"http:\/\/kinderladen-klosterpark.de\/?page_id=54"},"modified":"2022-05-10T10:02:43","modified_gmt":"2022-05-10T08:02:43","slug":"satzung-des-kinderladen-klosterpark-e-v","status":"publish","type":"page","link":"https:\/\/kinderladen-klosterpark.de\/?page_id=54","title":{"rendered":"Vereinssatzung"},"content":{"rendered":"<h2><strong>\u00a71 Name, Sitz,<\/strong> Eintragung,<strong> Gesch\u00e4ftsjahr<\/strong><\/h2>\n<p>(1) Der Verein tr\u00e4gt den Namen <em>Kinderladen Klosterpark e.V.<\/em><br \/>\n(2) Er hat den Sitz in G\u00f6ttingen.<br \/>\n(3) Er ist in das Vereinsregister beim Amtsgericht in G\u00f6ttingen eingetragen.<br \/>\n(4) Gesch\u00e4ftsjahr ist das Kalenderjahr.<\/p>\n<h2>\u00a72 Vereinszweck<\/h2>\n<p>(1) Der Verein verfolgt ausschliesslich und unmittelbar gemeinn\u00fctzige Zwecke im Sinne des Abschnitts &#8222;Steuerbeg\u00fcnstigte Zwecke&#8220; der Abgabenordnung (\u00a7\u00a751ff) in der jeweils g\u00fcltigen Fassung.<br \/>\nZweck des Vereins ist die vorschulische Betreuung von Kindern, deren Eltern bereit sind, bei der Konzeption und Durchf\u00fchrung der Erziehung mitzuarbeiten.<br \/>\nIm Mittelpunkt der Bem\u00fchungen steht die Entfaltung kognitiver F\u00e4higkeiten sowie die Entwicklung von Werthaltungen durch Sozialisationsprozesse. Ein wirtschaftlicher Gesch\u00e4ftsbetrieb wird nicht bezweckt.<br \/>\n(2) Der Satzungszweck wird insbesondere verwirklicht durch die Unterhaltung einer Kindertagesst\u00e4tte.<\/p>\n<h2>\u00a73 Selbstlosigkeit<\/h2>\n<p>(1) Der Verein ist selbstlos t\u00e4tig, er verfolgt nicht in erster Linie eigenwirtschaftliche Zwecke.<br \/>\n(2) Mittel des Vereins d\u00fcrfen nur f\u00fcr die satzungsm\u00e4ssigen Zwecke verwendet werden. Die Mitglieder des Vereins d\u00fcrfen in ihrer Eigenschaft als Mitglieder keine Zuwendungen aus Mitteln des Vereins erhalten.<br \/>\n(3) Die Mitglieder d\u00fcrfen bei ihrem Ausscheiden oder bei Aufl\u00f6sung oder Aufhebung des Vereins keine Anteile des Vereinsverm\u00f6gens erhalten.<br \/>\n(4) Es darf keine Person durch Ausgaben, die dem Zweck des Vereins fremd sind, oder durch unverh\u00e4ltnism\u00e4ssig hohe Verg\u00fctungen beg\u00fcnstigt werden.<br \/>\n(5) Die ehrenamtliche T\u00e4tigkeit im Verein kann in Form einer Ehrenamtspauschale entlohnt werden. \u00a0Die bevorzugte Form der Entlohnung ist die Aufwandspende. Jedes Mitgleid kann individuell dar\u00fcber bestimmen.<\/p>\n<h2>\u00a74 Mitgliedschaft<\/h2>\n<p>(1) Mitgleid des Vereins kann jede nat\u00fcrliche (und juristische) Person werden, die seine Ziele unterst\u00fctzt.<br \/>\n(2) \u00dcber den Antrag auf Aufnahme in den Verein entscheidet die MItgliederversammlung.<br \/>\n(3) Die Mitgliedschaft endet durch Austritt, Ausschluss oder Tod.<br \/>\n(4) Der Austritt eines MItglieds ist nur zum 01.01. sowie zum 01.08. eines Jahres m\u00f6glich. Er erfolgt durch schriftliche Erkl\u00e4rung gegen\u00fcber dem Vorstand unter Einhaltung einer Frist von drei bzw. sechs Monaten.<br \/>\n(5) Wenn ein Mitglied gegen die Ziele und Interessen des Vereins schwer verstossen hat, so kann es durch die Mitgliederversammlung mit sofortiger Wirkung ausgeschlossen werden. Dem Mitglied muss vor der Beschlussfassung Gelegenheit zur Rechtfertigung bzw. Stellungnahme gegeben werden.<\/p>\n<h2>\u00a75 Beitr\u00e4ge<\/h2>\n<p>Die Mitglieder zahlen Beitr\u00e4ge nach Massgabe eines Beschlusses der Mitgliederversammlung. Zur Festlegung der Beitragsh\u00f6he und -f\u00e4lligkeit ist eine einfache Mehrheit der in der Mitgliederversammlung anwesenden stimmberechtigten Vereinsmitglieder erforderlich.<\/p>\n<h2>\u00a76 Organe des Vereins<\/h2>\n<p>Organe des Vereins sind<br \/>\na) der Vorstand<br \/>\nb) die Mitgliederversammlung<\/p>\n<h2>\u00a77 Der Vorstand<\/h2>\n<p>(1) Der Vorstand besteht aus 5 Mitgliedern. Er vertritt den Verein gerichtlich und aussergerichtlich. Je zwei Vorstandsmitglieder sind gemeinsam vertretungsberechtigt.<br \/>\n(2) Der Vorstand wird von der MItgliederversammlung gew\u00e4hlt. Die Wiederwahl der Vorstandsmitglieder ist m\u00f6glich.<br \/>\n(3) Dem Vorstand obliegt die F\u00fchrung der laufenden Gesch\u00e4fte des Vereins. Er hat insbesondere folgende Aufgaben: Der Vorstand \u00fcbt seine T\u00e4tigkeit ehrenamtlich aus.<br \/>\n(4) Vorstandssitzungen finden j\u00e4hrlich mindestens vier mal statt. Diese sind vereins\u00f6ffentlich. Die Einladung zur Vorstandssitzung erfolgt durch Aushang am schwarzen Brett in den R\u00e4umen der Kindertagesst\u00e4tte unter Einhaltung einer Einladungsfrist von mindestens acht Tagen.<br \/>\n(5) Der Vorstand fasst seine Beschl\u00fcsse mit einfacher Mehrheit.<br \/>\n(6) Beschl\u00fcsse des Vorstands k\u00f6nnen bei Eilbed\u00fcrfigkeit auch schriftlich oder fernm\u00fcndlich gefasst werden, wenn alle Vorstandsmitglieder ihre Zustimmung zu diesem Verfahren schriftlich oder fernm\u00fcndlich erkl\u00e4ren.<\/p>\n<h2>\u00a78 Mitgliederversammlung<\/h2>\n<p>(1) Die Mitgliederversammlung ist einmal j\u00e4hrlich einzuberufen.<br \/>\n(2) Eine ausserordentliche Mitgliederversammlung ist einzuberufen, wenn es das Vereinsinteresse erfordert.<br \/>\n(3) Die Einberufung der Mitgliederversammlung erfolgt durch Aushang am schwarzen Brett in den R\u00e4umen der Kindertagesst\u00e4tte unter Einhaltung einer Einladungsfrist von mindestens acht Tagen bei gleichzeitiger Bekanntgabe der Tagesordnung.<br \/>\n(4) Die Mitgliederversammlung als das oberste beschlussfassende Vereinsorgan ist grunds\u00e4tzlich f\u00fcr alle Aufgaben zust\u00e4ndig, sofern bestimmte Aufgaben gem\u00e4ss dieser Satzung nicht einem anderen Vereinsorgan \u00fcbertragen wurden. Ihr sind insbesondere die Jahresrechnungen und der Jahresbericht zur Beschlussfassung \u00fcber die Genehmigung und die Entlastung des Vorstandes vorzulegen. Die Mitgliederversammlung entscheidet zum Beispiel auch \u00fcber<br \/>\na) Geb\u00fchrenbefreiungen,<br \/>\nb) Aufgaben des Vereins,<br \/>\nc) An- und Verkauf sowie Belastungen von Grundbesitz,<br \/>\nd) Beteiligung an Gesellschaften,<br \/>\ne) Aufnahme von Darlehn,<br \/>\nf) Genehmigung aller Gesch\u00e4ftsordnungen f\u00fcr den Vereinsbereich,<br \/>\ng) Mitgliedsbetr\u00e4ge,<br \/>\nh) Satzungs\u00e4nderungen,<br \/>\ni) Aufl\u00f6sung des Vereins.<br \/>\n(5) Jede satzungsm\u00e4ssig einberufene Mitgliederversammlung wird als beschlussf\u00e4hig anerkannt ohne R\u00fccksicht auf die Zahl der erschienenen Vereinsmitglieder. Jedes Mitglied hat eine Stimme.<br \/>\n(6) Die Mitgliederversammlung fasst ihre Beschl\u00fcsse mit einfacher Mehrheit. Bei Stimmengleichheit gilt ein Antrag als abgelehnt.<\/p>\n<h2>\u00a79 Satzungs\u00e4nderung<\/h2>\n<p>(1) F\u00fcr Satzung\u00e4nderungen ist eine <img src=\"https:\/\/s0.wp.com\/latex.php?latex=%5Cfrac%7B2%7D%7B3%7D&#038;bg=ffffff&#038;fg=000&#038;s=0&#038;c=20201002\" alt=\"&#92;frac{2}{3}\" class=\"latex\" \/>-Mehrheit der erschienen Vereinsmitglieder erforderlich. \u00dcber Satzungs\u00e4nderungen kann in der Mitgliederversammlung nur abgestimmt werden, wenn auf diesen Tagesordnungspunkt bereits in der Einladung zur Mitgliederversammlung hingewiesen wurde.<br \/>\n(2) Satzungs\u00e4nderungen, die von Aufsichts-, Gerichts- oder Finanzbeh\u00f6rden aus formalen Gr\u00fcnden verlangt werden, kann der Vorstand von sich aus vornehmen. Diese Satzungs\u00e4nderungen m\u00fcssen allen Vereinsmitgliedern alsbald mitgeteilt werden.<\/p>\n<h2>\u00a710 Beschl\u00fcsse<\/h2>\n<p>Die in Vorstandssitzungen und in Mitgleiderversammlungen erfassten Beschl\u00fcsse sind schriftlich niederzulegen.<\/p>\n<h2>\u00a711 Aufl\u00f6sung des Vereins und Verm\u00f6gensbindung<\/h2>\n<p>(1) F\u00fcr den Beschluss, den Verein aufzul\u00f6sen, ist eine <img src=\"https:\/\/s0.wp.com\/latex.php?latex=%5Cfrac%7B3%7D%7B4%7D&#038;bg=ffffff&#038;fg=000&#038;s=0&#038;c=20201002\" alt=\"&#92;frac{3}{4}\" class=\"latex\" \/>-Mehrheit der in der Mitgliederversammlung anwesenden Mitglieder erforderlich. Der Beschluss kann nur nach rechtzeitiger Ank\u00fcndigung in der Einladung zur Mitgliederversammlung gefasst werden.<br \/>\n(2) Bei Aufl\u00f6sung des Vereins oder bei Wegfall der Gemeinn\u00fctzigkeit f\u00e4llt das Verm\u00f6gen der Stadt G\u00f6ttingen zu, die dies unmittelbar und ausschliesslich f\u00fcr die Unterst\u00fctzung der Kinder- und Jugendarbeit zu verwenden hat.<\/p>\n<h2>\u00a712 Salvatorische Klausel<\/h2>\n<p>Sollten einzelne Bestimmungen dieser Satzung unwirksam oder undurchf\u00fchrbar sein oder nach Wirksamwerden der Satzung unwirksam oder undurchf\u00fchrbar werden, bleibt davon die Wirksamkeit der Satzung im \u00dcbrigen unber\u00fchrt. An die Stelle der unwirksamen oder undurchf\u00fchrbaren Bestimmung soll diejenige wirksame und durchf\u00fchrbare Regelung treten, deren Wirkungen der Zielsetzung am n\u00e4chsten kommen, die die Satzung mit der unwirksamen bzw. undurchf\u00fchrbaren Bestimmung urspr\u00fcnglich verfolgt hat. Die vorstehenden Bestimmungen gelten entsprechend f\u00fcr den Fall, dass sich die Satzung als l\u00fcckenhaft erweist. Die undurchf\u00fchrbare oder unwirksame Bestimmung ist unverz\u00fcglich durch Beschluss der n\u00e4chsten Mitgliederversammlung zu ersetzen.<\/p>\n<h2>\u00a713 Inkrafttreten<\/h2>\n<p>Die vorstehende Satzung tritt mit der Beschlussfassung und Verabschiedung durch die Mitgliederversammlung am 30.03.2017 in Kraft.<\/p>\n<p><i>Der Verein ist eingetragen auf dem Registerblatt VR 1120 beim Amtsgericht in G\u00f6ttingen.<\/i><\/p>\n","protected":false},"excerpt":{"rendered":"<p>\u00a71 Name, Sitz, Eintragung, Gesch\u00e4ftsjahr (1) Der Verein tr\u00e4gt den Namen Kinderladen Klosterpark e.V. (2) Er hat den Sitz in G\u00f6ttingen. (3) Er ist in das Vereinsregister beim Amtsgericht in G\u00f6ttingen eingetragen. (4) Gesch\u00e4ftsjahr ist das Kalenderjahr. \u00a72 Vereinszweck (1) Der Verein verfolgt ausschliesslich und unmittelbar gemeinn\u00fctzige Zwecke im Sinne des Abschnitts &#8222;Steuerbeg\u00fcnstigte Zwecke&#8220; der &hellip; <a href=\"https:\/\/kinderladen-klosterpark.de\/?page_id=54\" class=\"more-link\"><span class=\"screen-reader-text\">Vereinssatzung<\/span> weiterlesen <span class=\"meta-nav\">&rarr;<\/span><\/a><\/p>\n","protected":false},"author":1,"featured_media":0,"parent":7,"menu_order":3,"comment_status":"closed","ping_status":"closed","template":"","meta":[],"aioseo_notices":[],"jetpack_sharing_enabled":true,"_links":{"self":[{"href":"https:\/\/kinderladen-klosterpark.de\/index.php?rest_route=\/wp\/v2\/pages\/54"}],"collection":[{"href":"https:\/\/kinderladen-klosterpark.de\/index.php?rest_route=\/wp\/v2\/pages"}],"about":[{"href":"https:\/\/kinderladen-klosterpark.de\/index.php?rest_route=\/wp\/v2\/types\/page"}],"author":[{"embeddable":true,"href":"https:\/\/kinderladen-klosterpark.de\/index.php?rest_route=\/wp\/v2\/users\/1"}],"replies":[{"embeddable":true,"href":"https:\/\/kinderladen-klosterpark.de\/index.php?rest_route=%2Fwp%2Fv2%2Fcomments&post=54"}],"version-history":[{"count":22,"href":"https:\/\/kinderladen-klosterpark.de\/index.php?rest_route=\/wp\/v2\/pages\/54\/revisions"}],"predecessor-version":[{"id":1569,"href":"https:\/\/kinderladen-klosterpark.de\/index.php?rest_route=\/wp\/v2\/pages\/54\/revisions\/1569"}],"up":[{"embeddable":true,"href":"https:\/\/kinderladen-klosterpark.de\/index.php?rest_route=\/wp\/v2\/pages\/7"}],"wp:attachment":[{"href":"https:\/\/kinderladen-klosterpark.de\/index.php?rest_route=%2Fwp%2Fv2%2Fmedia&parent=54"}],"curies":[{"name":"wp","href":"https:\/\/api.w.org\/{rel}","templated":true}]}}